tive of -1/6*i**3 + 0 + 0*i + 1/6*i**4 - 13*i**2. What is y(c)?
19
Let x(j) = -j**2 + 19*j + 35. Let t(s) = 9*s**2 + 43*s - 101. Let u be t(2). Give x(u).
-7
Suppose 0 = 5*x - 2*a - 17, 0 = -137*x + 134*x - 3*a + 27. Let m(f) = -f + 25. What is m(x)?
20
Let f(s) be the third derivative of -s**5/60 + 7*s**4/24 + 5*s**3/3 - 243*s**2. Suppose 50 = 7*b - 2*b. Let m be (2/3)/(b/105). Calculate f(m).
10
Let t(s) be the second derivative of -3*s**5/20 + 11*s**4/6 + s**3/2 - 65*s**2/2 + 12258*s. Determine t(7).
5
Let n(s) = -s**2 - 47 - 58*s + 59 - 58 - 236 + 24*s. What is n(-15)?
3
Let b(f) be the third derivative of -f**5/6 - f**4/24 + f**3/6 - 9304*f**2. Suppose 2*h - 4 + 2 = 0. What is b(h)?
-10
Let x(a) = -41*a**2 - 2*a + 1. Let s be (-23)/(-21) + ((-2796)/252 - -6 - -5). Calculate x(s).
-42
Let o(w) = -37*w - 29. Let b(f) = 16*f + 14. Let c(g) = 7*b(g) + 3*o(g). Determine c(-7).
4
Let z(j) be the third derivative of -j**5/30 + 3*j**4/8 - j**3/6 + 104*j**2 - 3*j. Calculate z(5).
-6
Let a(z) be the second derivative of z**5/10 - 5*z**3/6 - 7*z**2/2 - 4764*z. Calculate a(-2).
-13
Let g(p) be the third derivative of -107*p**2 - 1/24*p**4 + 0*p - 13/6*p**3 - 1. Let j(s) = s**2 - 7*s - 1. Let n be j(6). Determine g(n).
-6
Let i(w) be the second derivative of 2*w**4/3 + 5*w**3/6 + 2*w**2 - 4921*w. Give i(-2).
26
Let l(b) = -7*b**2 + 382*b - 145. Let t(d) = 4*d**2 - 254*d + 96. Let q(j) = 5*l(j) + 8*t(j). Calculate q(-41).
2
Let h(l) = -10 - 452*l**2 + 249*l**2 + 214*l**2 + 5 - 2*l**3. Determine h(5).
20
Let l(u) = 5*u**2 - u - 1. Suppose -4*p + 5*g + 68 + 39 = 0, 3*g = 3. Suppose -16 = -11*b + p. Suppose b*x = -x - 5. Determine l(x).
5
Let s = 67 - 72. Let k(u) = -2*u**2 - 3*u + 31. Let a(c) = c**2 + 2*c - 16. Let j(n) = s*a(n) - 2*k(n). Let p(v) be the first derivative of j(v). What is p(-4)?
4
Let w(u) = u**3 + u**2 - 3*u + 8. Suppose -19*d = -1316 + 1373. Give w(d).
-1
Let w(i) be the second derivative of 4*i**3/3 + i**2/2 + 3*i + 24. Let q be (1/(-2))/(6/12). Calculate w(q).
-7
Let h(m) = 2*m**2 + 3*m + 1. Let g(y) = 50*y + 4*y**2 + 894 - 1809 + 887. Let x be g(-13). What is h(x)?
3
Suppose 25 = 5*r, 3 = 5*k + 5*r - 37. Let u(d) = -23*d**2 + 9*d**2 + d + 11*d**2 + 6*d**k + 1 - 7*d**3. What is u(-2)?
-5
Let z(k) = 98 + 15*k - k + 11*k - 29*k - 17. Calculate z(22).
-7
Let a be (-5)/20 - (-105)/4. Let u = -6 + a. Let r be (2/(-10))/((-4)/u). Let q(g) = 2*g**2 + 1. What is q(r)?
3
Suppose -3*h - 3*a = h + 4, 2*h = -a - 2. Let j(z) = -404 + 276 - 39*z**3 + 127. What is j(h)?
38
Let k(i) = -i**3 - 6*i**2 + 9*i - 15. Suppose -5*u = -2*y - 36, 0 = -y + 5*u + 36 - 64. Determine k(y).
41
Let u(t) be the first derivative of t**3 - 14*t**2 + 33*t + 1388. Calculate u(8).
1
Let b(v) = -4*v**2 + 22*v + 12. Let n = -12224 - -12232. Give b(n).
-68
Let t(z) = -5*z**3 - 40*z**2 + 23*z - 26. Let r(n) = n**3 + 11*n**2 - 3*n + 1. Let a(y) = 4*r(y) + t(y). Give a(5).
8
Suppose -164 = -b - 8. Let k be b/91 - 2/(-7). Let v(m) = -14*m**3 + 2 - 30*m - k*m**2 - 1 + 30*m. Calculate v(1).
-15
Let v(h) = -h**2 - 50*h - 43. Let o(q) = q**2 + 78*q + 70. Let j(c) = 5*o(c) + 8*v(c). What is j(-4)?
-2
Suppose 5*o + 2*d + 0*d = -202, 0 = 3*o + 4*d + 110. Let p = o - -40. Let w(t) = -2*t**3 + 2*t**2 + 4*t + 2. What is w(p)?
18
Let y(v) = v + 10. Let t = 72 + -696. Let b = t + 615. Determine y(b).
1
Let m(g) = -g**2 + 8*g + 1. Let b = -238 + 247. Suppose 6*d + 18 = b*d. Calculate m(d).
13
Let k(l) = -l**3 + l**2 - 29. Let m(x) = -x**2 + 11*x - 18. Let a be m(5). Suppose -2*o = a*o. What is k(o)?
-29
Suppose 5*f - 37 = 4*k - 136, -4*k = f - 57. Let g(y) = 15*y - 239. Calculate g(k).
1
Let p(t) = -6 - 7*t**2 + 3*t + 1 + 4*t**2 - t**3. Suppose -f + 32 - 40 = f. Determine p(f).
-1
Let v be ((-5)/(-10))/((3 + 2)/890). Let s(w) = -177 + 94 + v + 7*w**2 + w**3 + 2*w**2. Calculate s(-9).
6
Let t(l) = -3*l**2 + 5*l**2 + 7 - 9. Suppose -14 = -2*m + 4*v, -6*v - 16 = -2*m - v. Suppose -m = -117*j + 118*j. Calculate t(j).
16
Let q(k) = 0 - 98*k**2 + 287*k**2 - 8 - 15*k - 92*k**2 - 98*k**2. Let n be (-4)/6*(-4)/(24/(-126)). Determine q(n).
6
Let o(c) = -9*c + 321. Let z = -1560 - -1596. What is o(z)?
-3
Let v(o) = 4*o - 2. Let f(p) = -6*p - 3. Let i be f(5). Let a = -83 - i. Let b = 54 + a. Determine v(b).
14
Let g(t) = 3 - 1 + 0 - 2*t. Suppose c + 59 = -5*i, 0*c + 4*c - 6 = 2*i. Let v be (-1 - (-7 - i)) + 3. Calculate g(v).
6
Let k(q) = -4*q + 128. Let t be k(20). Let b be (-1 - 0 - 2)/((-72)/t). Let y(g) = g - 4. Determine y(b).
-2
Let y(z) = 4*z + 9. Let o = -319 + 313. Let f be (-15 + 11)*o/(-4). What is y(f)?
-15
Let r(y) be the second derivative of y**5/20 - 5*y**4/6 - 13*y**3/6 + 13*y**2/2 + 636*y. Determine r(11).
-9
Let y = -563 + 568. Suppose -y*q = -u + 5, 3*u + 42 = -5*q + 17. Let s(g) = 3*g + 17. Determine s(u).
2
Let g(u) be the first derivative of 1/2*u**2 + u + u**3 - 1/4*u**4 - 11. What is g(2)?
7
Let g(i) be the first derivative of -i**2 - 6*i - 120. Let q(n) = 5*n. Let f be q(-1). Let c(s) = 2*s + 7. Let v(h) = f*c(h) - 6*g(h). Calculate v(6).
13
Let l(z) = 8*z - 65. Let s(j) = -j - 2. Let d(r) = l(r) - 2*s(r). What is d(13)?
69
Let m(t) = -8*t + 1. Let p be (-272)/(-102)*(-6)/(-4). Suppose 0 = 5*l, 3*o + 5*l - 3 = p*l. Give m(o).
-7
Suppose 4*j - 8*h - 24 = -13*h, -71 = -5*j + 4*h. Let s(q) = 18*q + 4*q + 3*q + 2 - j*q. Give s(-2).
-26
Let p(w) = -1412*w + 19. Let d(u) = -2591*u + 37. Let a(k) = -6*d(k) + 11*p(k). Determine a(5).
57
Let n(p) = p**2 + 2*p + 5. Let i(c) = c**2 + 3*c + 4. Let d be 3 - (-1 - -1)/(1/(-1)). Let m(b) = d*i(b) - 2*n(b). Determine m(-3).
-4
Let c(a) = 122*a + 4*a**2 + 126*a - 125*a + 46*a + 74 - 23. Determine c(-42).
9
Let u(c) = c - 6. Let i be (-8)/(-20) + (-176)/(-10). Suppose -11*v = -7*v - i*v. Give u(v).
-6
Suppose 3*b + 29*b = 96. Let a(z) = 5*z - 18*z**2 + 2 + 17*z**2 - 3*z + 0*z + b*z. Let v be (-18)/4*(-12)/9. What is a(v)?
-4
Let l(a) be the first derivative of -a**4/12 - 49*a**2/2 + 94. Let y(z) be the second derivative of l(z). Calculate y(7).
-14
Let h(g) = 8782 + 8789 - 17*g + 8779 - 26284. What is h(5)?
-19
Let k(v) be the second derivative of -v**4/12 - v**3/3 + 3*v**2/2 + v. Suppose 8*n = 9*n. Suppose n = 8*a + 8 + 16. Calculate k(a).
0
Suppose 3*k + 27 = -5*p - 22, 4*k = 3*p + 41. Let j(o) = 3*o + 27. Let x be j(p). Let s(u) = u + 7. What is s(x)?
1
Let z(g) = -140392*g - 4*g**2 + 140393*g + 3 - 5 + g**3. Let p = 15 + -7. Let n = 11 - p. What is z(n)?
-8
Let p be -1*6/9*-9. Let m(c) = 3*c - 6. What is m(p)?
12
Let w(k) = 46*k + 233. Suppose 5*u - 2*j + 2 + 31 = 0, 4*j = -5*u - 9. Determine w(u).
3
Let y(c) = -6*c - 5. Let k be ((-604)/(-50) - 0) + 12/(-150). Suppose 5*b - 31 = -4*h, -k*h + 3*b + 3 = -9*h. Calculate y(h).
-29
Let m(w) = 70*w - 10. Let f(s) = -83*s + 9. Let c(x) = 5*f(x) + 6*m(x). What is c(10)?
35
Let w(x) be the first derivative of x**3/3 - x**2/2 - 15*x + 974. What is w(-3)?
-3
Let p be (-63)/(-28) + (-3)/12. Let h be 16/6 - 14/(-42). Let q(t) = 2 + 5*t - h - 6*t. What is q(p)?
-3
Let x = 2423 - 2442. Let a(r) = r**2 + 15*r - 33. Determine a(x).
43
Suppose 13*j - 45 = -2*j. Suppose -5*g = -17*p + 21*p + 6, 0 = j*p - 3. Let n(b) = b**3 + b**2 + 2*b + 2. Calculate n(g).
-6
Let u(j) = 2021 - 1021 + j - 987. Calculate u(-17).
-4
Let t(h) = -97*h + 576. Let v be t(6). Let l(o) = -o**3 - 6*o**2 - 8*o - 7. What is l(v)?
41
Let h be ((-30)/5)/((-4)/18). Let n = -23 + h. Suppose -2 = i - 2*z, -n*i + 3*z - z = -4. Let m(g) = g**2 + g - 2. Give m(i).
4
Let x(k) = k**3 - 3*k**2 + 2*k + 2. Let h be (844/6)/(10/(-180)*6). Let z = 424 + h. Give x(z).
2
Let d(m) = m**3 + 10*m**2 + 14*m - 14. Let t be d(-8). Suppose 4*a - 17 = t*x + 17, -30 = -5*a + 5*x. Let c(h) = h**2 - 11*h - 5. Calculate c(a).
-5
Let j(h) = -3*h - 4. Let z(y) = 13*y + 16. Let n(l) = -9*j(l) - 2*z(l). Let g = -465 + 458. Give n(g).
-3
Let g(d) be the first derivative of d**3/3 + 5*d**2 + 5*d + 2252. Give g(-10).
5
Let n(o) = -19*o + 0*o**2 - 5*o**2 - o**3 + 31*o - 6*o - 2. Determine n(-6).
-2
Let i be 3399/(-412) - 22/8. Let j(y) = -y**2 - 13*y - 29. Determine j(i).
-7
Let d(u) = -u**3 - 9*u**2 - 13*u + 6. Let r be (27/(-81))/((4/(-36))/(-1)). Calculate d(r).
-9
Suppose -6*q + 8*q + 2*j - 252 = 0, -136 = -q + j. Let d = q + -126. Let n(a) = -2*a + 4. Give n(d).
